ulate -33 + 36 + -39 + 18.
-18
(10 - 1) + -108 + 87
-12
Evaluate (4 + -7 + 8 - -6) + (2 - 5).
8
(-14 - -1) + 10 + -2 + -2 - -20
13
-2 + -24 + 289 + -277 - (0 - 1)
-13
Evaluate (-33 - (30 - 80)) + -45.
-28
What is the value of -4 + (-7 - -2) + 0 + -21?
-30
What is the value of 41 - 35 - 1 - (21 + 1)?
-17
What is the value of 21 + -2 - (17 + (-34 - -14))?
22
Evaluate (-3 - (-7 + 4 + 1) - 4) + 6.
1
Calculate -11 + 2 + (8 + 15 - -21).
35
Calculate -23 + (1 - -16) - -11.
5
What is -87 + 94 - (5 + -2 - (-4 - -1))?
1
What is the value of 5 + 10 + 3 + -6 + 2?
14
What is the value of (12 - (13 + -9 + 10)) + 25?
23
0 - -14 - (228 + -220)
6
What is (7 - 1) + (-7 + 2 - (77 + -69))?
-7
What is -2 - (15 + (-11 - 14))?
8
Evaluate 25 - 16 - ((0 - -27) + -5).
-13
What is the value of 4 + 1 + 2 - (766 + -755)?
-4
Evaluate -19 + (11 - -5) + 15 + -16.
-4
Calculate 17 + (-8 - -24) + -28.
5
3 + -23 + -24 + 11
-33
Evaluate -15 + (0 + 8 - 4) - (-3 + 2).
-10
Evaluate (1 - 14 - -22) + -17 + 1.
-7
What is the value of 1 + -7 + -12 + 11 - (3 + 2)?
-12
Calculate 18 + -18 + 6 - ((1 - 3) + 3).
5
What is (9 + 7 + -8 - 5) + (1 - 11)?
-7
Calculate -24 + (7 - (-27 + 13)).
-3
What is the value of 266 + -278 - (1 - 0 - (-2 - -8))?
-7
-260 - -265 - ((-4 - -7) + -3 + 1)
4
-2 + 8 + (4 - (25 + -10))
-5
What is the value of 7 + 2 + (10 - (-15 - -26))?
8
What is (1 + -3 - -12) + (14 - 4 - 45)?
-25
What is the value of 12 - 3 - 5 - (-3 - -12 - 5)?
0
(45 - 31) + 4 + (3 - 0)
21
What is -2 - (6 - 8 - 8)?
8
-115 + 122 - (0 - 2)
9
Calculate -4 + (-13 - (9 - (17 - 2))) + -9.
-20
Calculate 4 + -27 + 0 - (-17 - -15).
-21
Evaluate 2 - (-2 + 29 + -34).
9
Evaluate (-8 - -8) + 19 - -13.
32
What is the value of -12 + -5 - 3 - -9?
-11
What is the value of -9 - (6 - (-48 + 97))?
34
Evaluate (4 - (12 + (-6 - -3 - -4))) + 4.
-5
What is the value of 24 + -56 + 14 - -11?
-7
What is the value of (-53 + 8 - -21) + 19?
-5
Calculate -4 - (-1 + -20 - -4) - (-35 - -39).
9
What is -5 + 0 + 13 + (15 - 19)?
4
What is the value of 0 + 27 + 116 + -166?
-23
Calculate (3 - (1 + -5) - 0) + -55 + 42.
-6
What is the value of -8 - (1 + -12) - -7 - 4?
6
2 + -3 + (-1 - -1) + -35 + 18
-18
What is the value of 9 - ((9 - 6) + -1 + 1)?
6
What is (-18 - -2) + 13 - -6?
3
Evaluate 7 - (-1 - (-14 - -10 - 25)).
-21
Evaluate 0 + 66 - (77 + -45).
34
What is the value of -26 + 12 + 19 + (-6 - (14 - 1))?
-14
What is (1 - 4) + (7 - (4 - -7))?
-7
What is -14 + 8 + 4 + 9 + 13 + -7?
13
Calculate -15 - (-9 + 17 + -16).
-7
Evaluate 9 + (0 + -8 - 2) + (4 - -3).
6
What is -4 + (11 - -1 - 19)?
-11
What is 21 + (-6 + 1 - 2) + 5 + -6?
13
What is the value of (27 - (26 - 0)) + -6?
-5
Evaluate 3 + 0 + 13 + 1 + 138 + -142.
13
Calculate (9 - 11) + 16 + -22.
-8
Calculate -15 + 10 + -2 + -2 + (-7 - 3).
-19
(7 - 7) + 5 - 25 - (-2 - 4)
-14
(-1 - (-1 - -25)) + 44 + -39
-20
What is the value of 1 - -11 - (-8 - -11)?
9
What is the value of 12 - (-20 - (-19 - 11))?
2
What is the value of 11 + -7 - 6 - (1 - 6)?
3
What is (-33 - (-11 + -11 + -1 + 12)) + 2?
-20
What is -15 + 5 + -20 + 17 + (8 - 1)?
-6
Evaluate -30 + 0 + 10 + -2.
-22
Evaluate (-8 - (0 - 13)) + -7 + 0 + 4.
2
Calculate (-130 - -117) + (0 + 3 - 7).
-17
Calculate -5 - -8 - ((14 - 14) + -4) - 10.
-3
3 + 15 - (84 - 83)
17
What is 13 + -6 - (4 - -4 - 3)?
2
What is the value of 9 - -4 - 10 - (7 + 4)?
-8
Calculate -13 + 1 + -22 + 13 + 8 + -1.
-14
What is the value of -9 - (-19 + (14 - (15 + -12)))?
-1
Evaluate 87 + -79 + -13 + -3.
-8
What is 1 + 3 + (-2 - -1) - (22 - 6)?
-13
Calculate -8 - 1 - (-45 + 44) - (0 - 10).
2
What is the value of (2 - 1) + (43 - 42) - 2 - -5?
5
-9 - -2 - 3 - (9 + 2 + -48)
27
-5 - -6 - -2 - (0 - (-13 + 1))
-9
Calculate -14 + 7 + 7 + (-20 - -1).
-19
What is the value of (-61 - -42) + -12 + 59?
28
Calculate 4 - ((8 + -10 - -7) + -9).
8
Evaluate (3 - (5 + -5)) + (5 - 12) + 1.
-3
Calculate (1 - (4 + 2 + -4)) + -8.
-9
Evaluate (-9 + 21 - 22) + 19 - (2 + 3).
4
What is the value of -24 + (20 - -18) + 0?
14
-4 - 3 - (-39 + 28)
4
-14 + -14 + -4 + 20
-12
Evaluate -16 - (-9 + -36 - -4 - -12).
13
Evaluate (-2 - (-20 + 7)) + 3 + 8.
22
Evaluate (27 - (16 + 20)) + (3 - (-1 + -8)).
3
Evaluate 8 + (-37 - -52) + 1.
24
Calculate -4 - 0 - (-10 + 7 + -21 + 32).
-12
What is -7 - (-8 + 21 + (0 - 8) - 13)?
1
What is the value of 8 + -8 + -8 - (-25 + 1)?
16
What is 8 + (-4 - 3) + 4 + (12 - 36)?
-19
-43 + (-2 - -11 - 2) - (18 + -28)
-26
What is (-12 - (-13 - -4)) + 3 + -4 + 6?
2
What is the value of (6 - 3) + -3 - (-45 + 14 + 5)?
26
Calculate -9 + -13 + 7 + 10.
-5
(-3 - (5 + 1)) + (39 - 33)
-3
-228 - -228 - (2 - 0 - 2 - -10)
-10
Calculate -13 - (0 + -4) - -1.
-8
What is 7 - (-21 + 0 - -45)?
-17
(-1 - -3) + (-17 - (-1 + (-3 - 0)))
-11
What is the value of -3 + 6 + -9 + -6?
-12
What is -1 + (5 + -6 - -5)?
3
What is -1616 + 1624 - (20 - -1)?
-13
Calculate -15 + 0 + (1 - -8).
-6
What is 1 + (-26 + 3 - 0)?
-22
(42 - 55) + (4 - (16 - 1))
-24
What is the value of 7 - 17 - -5 - (-13 - -20)?
-12
Calculate 1276 + -1268 - (-1 - -11).
-2
Evaluate 10 + -10 - (-25 - (0 - 5)).
20
What is the value of -22 + 38 + (-92 - -37)?
-39
(51 + -35 - -46) + -28
34
What is the value of -1262 + 1251 + (2 - 1 - -18)?
8
(6 - (-10 - -2 - -3)) + 10 + 10
31
What is 6 - (38 - 11 - 11) - (2 - 1)?
-11
What is the value of (31 - 42 - -8) + (3 - (4 - 1))?
-3
(-14 + 8 - 7 - -9) + -7
-11
-105 + 37 + 37 - -28
-3
What is (-2 - 2) + 2 + (7 - 8)?
-3
Evaluate 0 + (2 - -3 - 9) - 13.
-17
What is 1 + (-74 + 35 - -33)?
-5
Calculate -5 - ((12 - 2 - 4) + (-5 - 8)).
2
17 + -2 + -28 - (-12 + -1)
0
What is 21 - (38 - 31) - -3?
17
What is the value of 9 + -18 + 3 - (-11 - -5)?
0
Calculate (-4 - 4) + 8 + (-2 - 4) + 4.
-2
Evaluate 36 + 1 + -20 - 15.
2
Calculate (22 - (-4 - -5)) + -3.
18
Calculate 7 - ((-19 - -42) + -15).
-1
Evaluate 23 - ((22 - 35) + 22).
14
Evaluate -4 + (52 - 58) + (16 - 1) + 0.
5
-1189 - -1202 - (1 + 7)
5
Evaluate -9 + 2 + -4 + -10 + 16.
-5
Evaluate -31 - -23 - (21 - 34).
5
What is 8 - 9 - 0 - -7?
6
Calculate -12 + (-1 - (1 - 32)).
18
(-53 - -6) + -4 + 26
-25
Calculate (-3 - -17) + -12 - -5.
7
Calculate -8 - (-3 - -7 - (-11 - (-32 + -5))).
14
(-12 - -49) + -10 - 10
17
What is the value of -22 + -7 + -27 + 28?
-28
-12 + 28 + -53 - -18
-19
Calculate -4 - (-4 - (-8 - -11)) - (2 - 4).
5
What is the value of 33 - 36 - (0 + -6)?
3
Calculate 9 + 0 + -7 - (-4 - -9).
-3
What is the value of 20 + 17 + -5 - 25?
7
-8 + (21 + -16 - 13)
-16
Calculate -3 + 0 - -14 - (-66 - -51).
26
What is (1 - -8 - (-171 + 177)) + 20?
23
What is the value of 14 + (-3 - -5) - (15 - 2)?
3
(-9 - (4 - (11 + 5 - 6))) + 24
21
-20 + (25 - -6) - (-5 - -2)
14
(11 - (2 - 0)) + -209 + 169
-31
What is the value of 2 + (40 + -30 - (-2 + 22 + 0))?
-8
Evaluate -26 + 11 + (4 - 12).
-23
Evaluate ((3 - 2) + 6 - 8) + 4.
3
Calculate 24 - (-2 + 37 + -8).
-3
What is (-1 - -6) + -5 + (-11 - -3) + 23?
15
-22 - (63 - 42) - -66
23
Evaluate (-1 - -13 - 0) + -17 + (-3 - 2).
-10
What is the value of 0 + 29 + -22 + -4 + -7?
-4
Evaluate 8 + -1 + (-14 - 14) + (4 - 0).
-17
Evaluate 2 + 2 + 132 + -129.
7
What is -12 - (13 - 37 - -4)?
8
What is 30 + (25 - 12) + -72?
-29
Calculate -13 + (-11 - ((2 - 16) + -5)).
-5
-10 + (24 + 8 + -19 - 17)
-14
What is the value of 25 + -42 + -11 + (1 - -3)?
-24
What is the value of 57 + -64 + (-5 - -7) + 23?
18
Evaluate 1120 + -1129 - (-1 + (2 - 31)).
21
Evaluate -5 - (-6 + 4 - ((-9 - 0) + -10)).
-22
What is the value of 0 + -8 - (4 + -7 + -1)?
-4
-11 + -3 + -2 - (1 - (1 + 1))
-15
What is 10 + (6 - 8) - (-1 + 1 + 5)?
3
What is (29 - 47 - -3) + (-1 - -9)?
-7
What is (11 - (-10 - -26)) + -4 + -10 + 4?
-15
What is the value of -42 + 41 + (0 - -3) - -6?
8
What is the value of 4 + -9 + 3 + 1 + -1 + 3?
1
What is 32 - -1 - (-11 + 39 + -21)?
26
Evaluate 4 + -1 + (-22 - -17) + -6 - -17.
9
What is the value of -10 + (-1 - 0) - (65 + -67)?
-9
Calculate 19 - -1 - (94 - 85).
11
Evaluate -68 + 14 + 67 - (-4 + (-1 - -2)).
16
Evaluate (2 + 2 - (-15 - -6) - -6) + -4.
15
4 - (1 - 0) - (208 + -208) - 2
1
What is 1 - 19 - (-40 - -11)?
11
What is the value of 4 + -2 + (12 - (-8 + 11) - -5)?
16
What is 22 - 17 - 14 - -27?
18
What is 1 + -4 - 7 - (-88 + 65)?
13
Calculate -5 + 1 + -8 + 0.
-12
What is 5 + -7 + 1 + 6 + 5?
10
0 + (12 - -4) - (8 + (1 - 2))
9
(0 + 8 - 2) + 36 + (-24 - -4)
22
What i